8.
506345
Convert 123755 (base 13) to base 4.
1222200203
What is -17655 (base 11) in base 16?
-60a8
212310322 (base 4) to base 2
100110110100111010
What is 26b40 (base 13) in base 5?
4302330
What is 1161414 (base 8) in base 12?
135410
-2678719 (base 10) to base 4
-22031332333
What is b01a (base 14) in base 7?
154033
13043043 (base 9) to base 14
bca666
What is 31202431 (base 6) in base 10?
902611
What is 100000110010111000111 (base 2) in base 11?
674428
What is 12020111210202 (base 3) in base 5?
1203112432
What is -a77388 (base 12) in base 4?
-22012001120
120343113 (base 5) to base 2
10001000100000110110
-132425123 (base 7) to base 9
-17062812
-104637c (base 13) to base 9
-10281683
-1221201121 (base 4) to base 15
-880e7
What is -2a64377 (base 11) in base 10?
-5247249
Convert 20441204 (base 5) to base 9.
281136
Convert -5065632 (base 8) to base 6.
-44403402
-2210103143 (base 5) to base 16
-48c595
Convert -7051881 (base 10) to base 15.
-9446a6
Convert 203002133 (base 4) to base 3.
21021212112
5203499 (base 10) to base 11
2a34514
1111040222 (base 5) to base 16
253b7e
-4311044 (base 7) to base 15
-a52e8
Convert -253b6 (base 16) to base 2.
-100101001110110110
1258072 (base 9) to base 6
22430145
What is 380ad (base 14) in base 13?
4a698
What is 143571 (base 9) in base 4?
111132031
What is 465bc (base 13) in base 11?
88541
Convert -42c915 (base 13) to base 14.
-2cc32d
Convert 49735 (base 12) to base 6.
2044505
What is -10100223231 (base 4) in base 15?
-170e09
What is 711156 (base 8) in base 15?
49564
Convert -14b054 (base 12) to base 2.
-1010101101010000000
11640224 (base 7) to base 6
34313122
-2e700 (base 15) to base 3
-21121212100
What is 7ab398 (base 14) in base 13?
b34699
Convert -421840 (base 13) to base 12.
-626747
4773774 (base 9) to base 10
2587855
Convert -830a7 (base 12) to base 7.
-1312060
Convert 5120680 (base 10) to base 7.
61345045
What is 1010111010101 (base 2) in base 12?
3299
What is 1430688 (base 10) in base 4?
11131102200
-101012010201 (base 3) to base 16
-30f7f
What is 178eee (base 16) in base 13?
42097c
Convert -234423423 (base 5) to base 13.
-2c328c
Convert 21c496 (base 16) to base 11.
1281741
-13312023101 (base 4) to base 12
-832415
dc1d00 (base 14) to base 2
11100011100110011001100
What is -1142204044 (base 5) in base 4?
-22101302002
Convert -1000022111020 (base 3) to base 10.
-537630
Convert -9c1e (base 15) to base 3.
-1200102002
-513678 (base 14) to base 3
-12011001112020
What is -45043133 (base 6) in base 14?
-275333
What is 598540 (base 11) in base 14?
1a9853
-17304883 (base 9) to base 13
-1a5078b
What is -47076272 (base 8) in base 14?
-150d630
-31201816 (base 9) to base 15
-14b45e3
What is -192dab (base 16) in base 2?
-110010010110110101011
What is -b0609 (base 14) in base 8?
-1473521
What is 13113443 (base 5) in base 15?
28468
What is 4575471 (base 8) in base 5?
304301321
What is -41100422 (base 5) in base 11?
-206a59
-2344683 (base 9) to base 5
-311113000
Convert 18b19 (base 12) to base 5.
2124130
Convert -62501 (base 10) to base 11.
-42a5a
-3a8b01 (base 12) to base 13
-27c23b
Convert -1573479 (base 10) to base 9.
-2857360
Convert -3445325 (base 6) to base 16.
-2b535
Convert 1102123320 (base 4) to base 14.
8b0a4
What is -32903 (base 10) in base 4?
-20002013
Convert 2a0374 (base 14) to base 8.
5444422
Convert -515466 (base 7) to base 9.
-144226
-20031235 (base 7) to base 14
-31108c
What is -193416 (base 10) in base 4?
-233032020
Convert -a1b5 (base 14) to base 12.
-14103
Convert -2776674 (base 9) to base 7.
-15660061
-796fd (base 16) to base 4
-1321123331
-1430552 (base 8) to base 14
-a7ca6
What is -31aa53a (base 11) in base 12?
-1a79772
Convert -101111101000001110111 (base 2) to base 5.
-344420240
Convert 20020011000 (base 3) to base 2.
11101111011010100
What is -134950 (base 10) in base 7?
-1101304
Convert -4ba51 (base 16) to base 13.
-ab04c
What is -10840 (base 10) in base 14?
-3d44
What is 200122123 (base 4) in base 10?
132763
-3123130221 (base 4) to base 11
-564363
-1130063 (base 7) to base 12
-6a008
What is 123274 (base 9) in base 4?
102031123
What is -10708b (base 16) in base 5?
-233434022
What is 100000110102010 (base 3) in base 14?
8ca50d
What is 120501200 (base 6) in base 5?
1040404111
What is 11102022213 (base 4) in base 2?
101010010001010100111
What is 260642 (base 8) in base 7?
524636
What is 2a349a (base 15) in base 16?
1f11ca
2a6b933 (base 13) to base 14
1b3103a
What is 344317 (base 9) in base 7?
1520143
What is 22612654 (base 7) in base 14?
399dd4
-11220122221 (base 3) to base 2
-10111100111001000
What is 8a4211 (base 14) in base 7?
54635121
276007 (base 9) to base 16
291d6
68d73 (base 14) to base 7
2111503
What is -a4c5 (base 14) in base 2?
-110111011101101
Convert -1276272 (base 11) to base 10.
-2204457
-41544203 (base 6) to base 10
-1211403
Convert -14cdb (base 14) to base 5.
-3130222
What is 13304251 (base 6) in base 16?
6c727
Convert -45511532 (base 7) to base 13.
-a8c9c5
Convert -f099 (base 16) to base 4.
-33002121
Convert -11230000123 (base 4) to base 12.
-5ba9b7
-12211100101201 (base 3) to base 14
-5a8961
123514 (base 10) to base 14
33026
What is 14353530 (base 6) in base 16?
7963e
Convert -76a05a (base 14) to base 7.
-46123143
Convert 27056511 (base 9) to base 11.
7580261
-214884 (base 11) to base 6
-11204315
1b7ba3 (base 15) to base 4
11013300213
What is 1746d (base 16) in base 10?
95341
What is -10011102110122 (base 3) in base 13?
-46b428
Convert -aa08a (base 14) to base 10.
-411722
Convert 11373767 (base 8) to base 10.
2488311
What is 42809a (base 12) in base 15?
15b4e7
18a750 (base 11) to base 4
1013120213
-110002230200 (base 4) to base 6
-304335412
1304503 (base 6) to base 10
71031
What is 111201213 (base 4) in base 6?
1520103
What is 1000212221022 (base 3) in base 11?
345432
-34615770 (base 9) to base 2
-1000000001111010001111001
What is 4668a6 (base 12) in base 8?
4241576
Convert 11ac95 (base 16) to base 2.
100011010110010010101
4228945 (base 10) to base 13
b50b46
-3009140 (base 12) to base 7
-136163244
What is 33202010 (base 5) in base 13?
a0c90
Convert 2788700 (base 13) to base 2.
101111101011101111001100
Convert -1244411014 (base 5) to base 10.
-3122634
12002102000011 (base 3) to base 16
2944d2
-2e61cb (base 15) to base 12
-905032
1b3358 (base 12) to base 16
75d34
What is 71036 (base 9) in base 5?
2443224
3c072 (base 13) to base 12
54a90
Convert 1100100111101000010011 (base 2) to base 11.
195a42a
Convert 828a9a (base 11) to base 16.
1449f9
573117 (base 8) to base 12
94413
Convert 1370451 (base 9) to base 8.
2702305
-3031165 (base 12) to base 16
-89aa9d
Convert cca11 (base 16) to base 3.
1120120202000
What is -213214001 (base 5) in base 15?
-130a86
What is 2c83 (base 13) in base 15?
1e04
What is 1450843 (base 9) in base 12?
327749
Convert 16099aa (base 12) to base 13.
c15538
-11110010001110 (base 2) to base 5
-444002
Convert 133002202302 (base 4) to base 5.
4040340012
What is -2202100122020 (base 3) in base 11?
-90a667
What is -5a45a (base 14) in base 15?
-45474
What is 447327 (base 8) in base 14?
3d19d
-69a66 (base 14) to base 5
-31212432
Convert 2900965 (base 13) to base 10.
12996859
Convert 14c5a (base 16) to base 10.
85082
What is -3312101 (base 4) in base 10?
-15761
a76681 (base 15) to base 4
132121300312
What is 973717 (base 12) in base 11?
1393311
What is a617 (base 14) in base 8?
67735
What is -3645580 (base 9) in base 7?
-22551426
What is -4126159 (base 11) in base 8?
-33624014
35405336 (base 8) to base 5
3440023110
-3417361 (base 10) to base 6
-201125041
4466452 (base 7) to base 10
554521
Convert -12436 (base 10) to base 11.
-9386
What is -1011010000100011110 (base 2) in base 5?
-43301201
-214084 (base 10) to base 2
-110100010001000100
Convert -708e1 (base 15) to base 5.
-42401021
Convert 12242000 (base 5) to base 13.
41b5a
Convert 5922a (base 11) to base 3.
11100020010
What is -341343241 (base 5) in base 15?
-1ed166
What is 24676 (base 11) in base 4?
20221113
213a4b (base 14) to base 15
1731ed
Convert 5212566 (base 7) to base 4.
2120221113
Convert -224323005 (base 6) to base 2.
-1111110000110111001101
What is 249b8a5 (base 12) in base 3?
111111111011022
Convert 632c8c (base 13) to base 8.
10663153
Convert 1110000011110101001 (base 2) to base 15.
91793
Convert 259803 (base 